mainder when 3715077 is divided by 677.
378
Calculate the remainder when 638796 is divided by 31895.
896
Calculate the remainder when 41565 is divided by 409.
256
What is the remainder when 457328 is divided by 2079?
2027
Calculate the remainder when 20586 is divided by 4359.
3150
What is the remainder when 73163 is divided by 23962?
1277
What is the remainder when 25180437 is divided by 203068?
5
What is the remainder when 474950 is divided by 9312?
38
Calculate the remainder when 11094715 is divided by 2496.
2491
Calculate the remainder when 370122 is divided by 3593.
43
Calculate the remainder when 9713705 is divided by 339.
338
Calculate the remainder when 1012366 is divided by 559.
17
Calculate the remainder when 46259 is divided by 180.
179
What is the remainder when 47869602 is divided by 315?
312
What is the remainder when 15806098 is divided by 3951519?
22
Calculate the remainder when 228741 is divided by 22834.
401
What is the remainder when 475653 is divided by 59447?
77
Calculate the remainder when 85049697 is divided by 18306.
21
What is the remainder when 66629 is divided by 22092?
353
What is the remainder when 21664 is divided by 5413?
12
What is the remainder when 2969622 is divided by 20065?
2
What is the remainder when 20547739 is divided by 14?
9
What is the remainder when 220439 is divided by 69?
53
Calculate the remainder when 10233790 is divided by 426407.
22
What is the remainder when 4974753 is divided by 710679?
0
What is the remainder when 8794870 is divided by 605?
590
Calculate the remainder when 3800332 is divided by 3910.
3722
What is the remainder when 652178 is divided by 1173?
1163
Calculate the remainder when 216774 is divided by 216709.
65
Calculate the remainder when 30758416 is divided by 1233.
1231
What is the remainder when 128369 is divided by 15755?
2329
What is the remainder when 633083 is divided by 18620?
3
What is the remainder when 220215 is divided by 14?
9
Calculate the remainder when 2297459 is divided by 37054.
111
Calculate the remainder when 97714919 is divided by 129.
128
What is the remainder when 40496287 is divided by 13498760?
7
What is the remainder when 113525586 is divided by 157?
142
Calculate the remainder when 43328062 is divided by 397505.
17
Calculate the remainder when 2077094 is divided by 327.
317
What is the remainder when 3783085 is divided by 995?
95
What is the remainder when 3877737 is divided by 51703?
12
What is the remainder when 34949 is divided by 428?
281
Calculate the remainder when 617924 is divided by 51396.
1172
Calculate the remainder when 12500879 is divided by 30.
29
Calculate the remainder when 8076312 is divided by 83.
80
What is the remainder when 11080 is divided by 3531?
487
Calculate the remainder when 509287 is divided by 94.
89
Calculate the remainder when 964354 is divided by 481748.
858
Calculate the remainder when 1204032 is divided by 2386.
1488
Calculate the remainder when 318698 is divided by 3422.
452
What is the remainder when 354390 is divided by 204?
42
What is the remainder when 52243431 is divided by 41?
1
What is the remainder when 283314 is divided by 787?
781
Calculate the remainder when 15182 is divided by 14835.
347
Calculate the remainder when 24628 is divided by 4595.
1653
What is the remainder when 57505 is divided by 8887?
4183
Calculate the remainder when 228842 is divided by 9934.
360
Calculate the remainder when 642278 is divided by 241.
13
What is the remainder when 193460 is divided by 14872?
124
What is the remainder when 7549890 is divided by 658?
656
What is the remainder when 3265387 is divided by 1025?
762
Calculate the remainder when 817951 is divided by 198.
13
Calculate the remainder when 794708 is divided by 794251.
457
What is the remainder when 1275712 is divided by 160?
32
What is the remainder when 443683 is divided by 147867?
82
What is the remainder when 5849011 is divided by 182780?
51
What is the remainder when 2107013 is divided by 327?
152
Calculate the remainder when 14830786 is divided by 6.
4
What is the remainder when 32446868 is divided by 68?
56
Calculate the remainder when 42367 is divided by 3188.
923
What is the remainder when 9781998 is divided by 125?
123
What is the remainder when 30865295 is divided by 4312?
4311
What is the remainder when 1948306 is divided by 2881?
750
Calculate the remainder when 476761 is divided by 69.
40
What is the remainder when 674922 is divided by 48208?
10
Calculate the remainder when 21139 is divided by 7040.
19
Calculate the remainder when 6084417 is divided by 72.
57
Calculate the remainder when 26035987 is divided by 163.
160
What is the remainder when 1101028 is divided by 137606?
180
What is the remainder when 86036529 is divided by 395?
394
What is the remainder when 3156788 is divided by 1578391?
6
Calculate the remainder when 2890109 is divided by 20497.
32
Calculate the remainder when 263549 is divided by 87836.
41
Calculate the remainder when 2035333 is divided by 1978.
1949
Calculate the remainder when 3336866 is divided by 119172.
50
Calculate the remainder when 183773 is divided by 91646.
481
Calculate the remainder when 1574572 is divided by 10036.
8956
Calculate the remainder when 15401 is divided by 4521.
1838
What is the remainder when 6386298 is divided by 316?
254
What is the remainder when 1757966 is divided by 48832?
14
Calculate the remainder when 1776330 is divided by 1776313.
17
Calculate the remainder when 792859 is divided by 44.
23
Calculate the remainder when 119587708 is divided by 114.
112
Calculate the remainder when 356587 is divided by 5866.
4627
Calculate the remainder when 29976016 is divided by 2725092.
4
What is the remainder when 16361067 is divided by 11796?
15
Calculate the remainder when 294795 is divided by 335.
330
Calculate the remainder when 1976065 is divided by 3112.
3057
What is the remainder when 236059 is divided by 120?
19
What is the remainder when 14528309 is divided by 6177?
5
Calculate the remainder when 783936276 is divided by 259.
256
Calculate the remainder when 6358207 is divided by 27765.
22
What is the remainder when 48830 is divided by 7558?
3482
Calculate the remainder when 50010067 is divided by 391.
385
What is the remainder when 3230395 is divided by 394?
383
Calculate the remainder when 308593 is divided by 21.
19
Calculate the remainder when 30452274 is divided by 62.
44
Calculate the remainder when 5800376 is divided by 3398.
3388
What is the remainder when 18799654 is divided by 1148?
6
What is the remainder when 36807126 is divided by 46?
42
Calculate the remainder when 11249593 is divided by 624976.
25
What is the remainder when 2488726 is divided by 1215?
406
What is the remainder when 4016592 is divided by 619?
520
What is the remainder when 142056262 is divided by 168?
166
What is the remainder when 3606963 is divided by 1025?
1013
Calculate the remainder when 8403424 is divided by 147428.
28
What is the remainder when 9905592 is divided by 3301860?
12
Calculate the remainder when 1438963 is divided by 361.
17
Calculate the remainder when 3031452 is divided by 252618.
36
What is the remainder when 1053797 is divided by 13165?
597
Calculate the remainder when 72276414 is divided by 325.
314
What is the remainder when 3935048 is divided by 1303?
1291
What is the remainder when 6671827 is divided by 32231?
10
Calculate the remainder when 2948656 is divided by 194.
50
What is the remainder when 1404956 is divided by 1404892?
64
What is the remainder when 96121978 is divided by 22?
18
What is the remainder when 15032 is divided by 1840?
312
What is the remainder when 213733 is divided by 1060?
673
What is the remainder when 1216165 is divided by 32869?
12
Calculate the remainder when 435965 is divided by 72464.
1181
What is the remainder when 12255930 is divided by 2390?
10
Calculate the remainder when 5187725 is divided by 22.
15
What is the remainder when 1880235 is divided by 268605?
0
Calculate the remainder when 5821032 is divided by 306368.
40
What is the remainder when 313094 is divided by 378?
110
Calculate the remainder when 471481 is divided by 78527.
319
Calculate the remainder when 79586 is divided by 405.
206
Calculate the remainder when 7669 is divided by 1340.
969
Calculate th